e prime factors of 55.
5, 11
List the prime factors of 7532.
2, 7, 269
List the prime factors of 2361.
3, 787
List the prime factors of 848.
2, 53
List the prime factors of 19701.
3, 11, 199
What are the prime factors of 5489?
11, 499
List the prime factors of 881.
881
What are the prime factors of 36103?
79, 457
What are the prime factors of 46949?
7, 19, 353
List the prime factors of 1201.
1201
What are the prime factors of 34877?
34877
What are the prime factors of 12897?
3, 1433
What are the prime factors of 25184?
2, 787
List the prime factors of 1327.
1327
What are the prime factors of 97?
97
What are the prime factors of 20131?
41, 491
List the prime factors of 707.
7, 101
List the prime factors of 25948.
2, 13, 499
What are the prime factors of 42464?
2, 1327
List the prime factors of 2431.
11, 13, 17
What are the prime factors of 47157?
3, 11, 1429
What are the prime factors of 1716?
2, 3, 11, 13
List the prime factors of 16649.
16649
List the prime factors of 13094.
2, 6547
List the prime factors of 13085.
5, 2617
List the prime factors of 4604.
2, 1151
List the prime factors of 703.
19, 37
List the prime factors of 755.
5, 151
What are the prime factors of 1289?
1289
List the prime factors of 1742.
2, 13, 67
What are the prime factors of 58150?
2, 5, 1163
What are the prime factors of 3771?
3, 419
List the prime factors of 566.
2, 283
List the prime factors of 6232.
2, 19, 41
List the prime factors of 2668.
2, 23, 29
List the prime factors of 3117.
3, 1039
What are the prime factors of 644?
2, 7, 23
List the prime factors of 40855.
5, 8171
List the prime factors of 6287.
6287
What are the prime factors of 7017?
3, 2339
What are the prime factors of 4100?
2, 5, 41
What are the prime factors of 19033?
7, 2719
List the prime factors of 434.
2, 7, 31
What are the prime factors of 590?
2, 5, 59
List the prime factors of 11373.
3, 17, 223
List the prime factors of 2153.
2153
List the prime factors of 86717.
17, 5101
What are the prime factors of 47106?
2, 3, 2617
List the prime factors of 8235.
3, 5, 61
What are the prime factors of 34263?
3, 47
What are the prime factors of 3456?
2, 3
List the prime factors of 13272.
2, 3, 7, 79
What are the prime factors of 10072?
2, 1259
What are the prime factors of 3609?
3, 401
What are the prime factors of 6668?
2, 1667
What are the prime factors of 12953?
12953
List the prime factors of 43880.
2, 5, 1097
What are the prime factors of 2613?
3, 13, 67
List the prime factors of 12111.
3, 11, 367
List the prime factors of 1144.
2, 11, 13
List the prime factors of 2925.
3, 5, 13
What are the prime factors of 1651?
13, 127
What are the prime factors of 17725?
5, 709
List the prime factors of 14002.
2, 7001
List the prime factors of 2112.
2, 3, 11
List the prime factors of 28395.
3, 5, 631
List the prime factors of 4829.
11, 439
List the prime factors of 2894.
2, 1447
What are the prime factors of 1013?
1013
List the prime factors of 57441.
3, 41, 467
What are the prime factors of 6248?
2, 11, 71
What are the prime factors of 1174?
2, 587
What are the prime factors of 5021?
5021
List the prime factors of 5126.
2, 11, 233
List the prime factors of 1107.
3, 41
What are the prime factors of 507?
3, 13
List the prime factors of 45880.
2, 5, 31, 37
List the prime factors of 46393.
17, 2729
List the prime factors of 16203.
3, 11, 491
What are the prime factors of 571?
571
List the prime factors of 9878.
2, 11, 449
List the prime factors of 716.
2, 179
List the prime factors of 55310.
2, 5, 5531
What are the prime factors of 28248?
2, 3, 11, 107
What are the prime factors of 12196?
2, 3049
List the prime factors of 12398.
2, 6199
List the prime factors of 3967.
3967
List the prime factors of 7022.
2, 3511
What are the prime factors of 59173?
47, 1259
What are the prime factors of 3376?
2, 211
What are the prime factors of 326?
2, 163
List the prime factors of 3206.
2, 7, 229
What are the prime factors of 2277?
3, 11, 23
What are the prime factors of 1318?
2, 659
List the prime factors of 12238.
2, 29, 211
List the prime factors of 4281.
3, 1427
List the prime factors of 14661.
3, 181
List the prime factors of 23147.
79, 293
What are the prime factors of 7972?
2, 1993
What are the prime factors of 5508?
2, 3, 17
What are the prime factors of 31806?
2, 3, 19, 31
List the prime factors of 56270.
2, 5, 17, 331
List the prime factors of 80342.
2, 17, 139
What are the prime factors of 6693?
3, 23, 97
List the prime factors of 3633.
3, 7, 173
What are the prime factors of 88822?
2, 89, 499
What are the prime factors of 3614?
2, 13, 139
List the prime factors of 7228.
2, 13, 139
What are the prime factors of 35108?
2, 67, 131
What are the prime factors of 7454?
2, 3727
List the prime factors of 16555.
5, 7, 11, 43
What are the prime factors of 2495?
5, 499
What are the prime factors of 931?
7, 19
List the prime factors of 33393.
3, 11131
What are the prime factors of 812?
2, 7, 29
What are the prime factors of 11709?
3, 1301
What are the prime factors of 104913?
3, 11657
List the prime factors of 5669.
5669
List the prime factors of 1414.
2, 7, 101
What are the prime factors of 886?
2, 443
What are the prime factors of 4226?
2, 2113
List the prime factors of 1305.
3, 5, 29
List the prime factors of 3082.
2, 23, 67
List the prime factors of 19601.
17, 1153
What are the prime factors of 652?
2, 163
List the prime factors of 27316.
2, 6829
What are the prime factors of 3287?
19, 173
What are the prime factors of 8526?
2, 3, 7, 29
What are the prime factors of 28818?
2, 3, 1601
List the prime factors of 51080.
2, 5, 1277
What are the prime factors of 9?
3
List the prime factors of 4626.
2, 3, 257
List the prime factors of 26360.
2, 5, 659
List the prime factors of 135452.
2, 33863
List the prime factors of 963.
3, 107
What are the prime factors of 19111?
29, 659
What are the prime factors of 22801?
151
What are the prime factors of 2541?
3, 7, 11
What are the prime factors of 187419?
3, 62473
List the prime factors of 8597.
8597
What are the prime factors of 250?
2, 5
What are the prime factors of 48148?
2, 12037
What are the prime factors of 11743?
11743
List the prime factors of 1691.
19, 89
List the prime factors of 38519.
13, 2963
List the prime factors of 54002.
2, 13, 31, 67
What are the prime factors of 2880?
2, 3, 5
What are the prime factors of 9982?
2, 7, 23, 31
What are the prime factors of 1078?
2, 7, 11
List the prime factors of 48418.
2, 43, 563
What are the prime factors of 652?
2, 163
What are the prime factors of 8732?
2, 37, 59
List the prime factors of 15722.
2, 7, 1123
What are the prime factors of 230?
2, 5, 23
What are the prime factors of 23477?
17, 1381
What are the prime factors of 32302?
2, 31, 521
List the prime factors of 1052.
2, 263
List the prime factors of 4789.
4789
List the prime factors of 29908.
2, 7477
What are the prime factors of 59673?
3, 19891
What are the prime factors of 5658?
2, 3, 23, 41
List the prime factors of 2646.
2, 3, 7
What are the prime factors of 73482?
2, 3, 37, 331
List the prime factors of 4018.
2, 7, 41
What are the prime factors of 1206?
2, 3, 67
List the prime factors of 23077.
47, 491
List the prime factors of 120167.
120167
List the prime factors of 3148.
2, 787
What are the prime factors of 20163?
3, 11, 13, 47
List the prime factors of 7690.
2, 5, 769
What are the prime factors of 3914?
2, 19, 103
What are the prime factors of 2300?
2, 5, 23
List the prime factors of 920.
2, 5, 23
What are the prime factors of 18426?
2, 3, 37, 83
List the prime factors of 220.
2, 5, 11
What are the prime factors of 22293?
3, 2477
What are the prime factors of 1067?
11, 97
List the prime factors of 1349.
19, 71
List the prime factors of 1262.
2, 631
What are the prime factors of 8523?
3, 947
List the prime factors of 42734.
2, 23, 929
List the prime factors of 1326.
2, 3, 13, 17
List the prime factors of 4734.
2, 3, 263
What are the prime factors of 47?
47
List the prime factors of 80028.
2, 3, 13, 19
What are the prime factors of 11854?
2, 5927
What are the prime factors of 135204?
2, 3, 19, 593
What are the prime factors of 31901?
19, 23, 73
List the prime factors of 62666.
2, 31333
List the prime factors of 63117.
3, 7013
List the prime factors of 102684.
2, 3, 43, 199
